) + (0 - 1)
-5
0 + (-12 + 8 - -7)
3
What is the value of -8 - ((-6 - -3) + 0) - -3?
-2
Calculate -6 + (1 + 1 - 1).
-5
(1 - -3 - 2) + 2
4
What is the value of -6 + 10 + -8 + 2?
-2
Evaluate 14 - (35 - 19) - (1 + -1).
-2
What is the value of -4 + (24 - 4 - 10)?
6
Evaluate 0 - (-7 - -11 - (0 + -1)).
-5
Evaluate -4 - (6 + (-5 - 3)).
-2
What is the value of -6 - ((-1 + -1 - -5) + -8)?
-1
Evaluate (1 + 0 - (-23 + 22)) + 4.
6
What is the value of -5 - (-2 - 0) - (2 + -3)?
-2
Evaluate (6 - 8 - -10) + -6.
2
What is the value of -7 + 3 + -6 + 12?
2
What is the value of 1 + (-2 - (-2 - (2 + -2)))?
1
(1 - 3) + 3 + 0
1
Calculate 0 + -15 + 9 - -10.
4
Calculate 2 + -1 + -2 - -2.
1
0 + 4 + -5 - 3
-4
Calculate (-3 - -3) + 2 + -2 + -4.
-4
3 + -3 - (-2 + (0 - 2))
4
What is the value of (15 - 8) + (-14 - (2 - 5))?
-4
Evaluate 3 - 7 - -7 - -1 - -3.
7
Evaluate -1 - 5 - (0 + (-13 - 2)).
9
What is the value of (-8 - (2 + -4)) + -2?
-8
Evaluate (-7 + 3 - -4) + -1.
-1
What is -9 - (-4 + -4 + 2)?
-3
Evaluate (-21 + 5 - -9) + 17 + 0.
10
What is 3 + 1 + -3 - 5?
-4
(-8 - -2 - -3) + 0 + -1
-4
What is 64 + -70 - (-1 - 1) - 2?
-6
Evaluate -11 - (-13 + 0 + 5).
-3
Evaluate 3 + (4 - 2) + -1.
4
Evaluate (-1 - (-21 - -11)) + -6.
3
Calculate 0 + (-2 + 3 - 1) + 7.
7
Calculate -3 - (-2 + 5 + -7).
1
Evaluate 15 + -17 + -8 + 18.
8
What is -1 - 2 - (-14 + 8 + -3)?
6
Evaluate 21 + -26 + (0 - -3).
-2
1 + (4 - 0) + -4 + 1
2
Evaluate -5 + -2 + 12 + -5.
0
What is the value of 7 + (6 + (-15 - -5) - -1)?
4
What is -1 + 1 + 1 + -6 + 3?
-2
What is 4 + (3 - (6 - -1))?
0
What is the value of (15 - 21) + (-1 - -1) - -1?
-5
What is -16 - (-8 + -5 - -4)?
-7
What is the value of 1 + 3 - (-37 - -36) - 12?
-7
2 + (-4 - (-5 - -5)) - -3
1
Evaluate 7 - -9 - 7 - (9 + -3).
3
What is 0 + -3 + 7 - 3 - 5?
-4
What is 10 + -3 + (1 - 3)?
5
Evaluate (-17 - -17 - (2 + 0)) + 5.
3
What is the value of -2 + 5 + 0 - (-3 + 9)?
-3
(-7 + 2 - (-13 + 1)) + -7
0
What is the value of -7 - (4 + 6 + -20 + 0)?
3
Calculate (-4 - -2 - 1) + 7.
4
What is the value of -57 + 53 + (1 - -8)?
5
9 + -4 + -2 + 3
6
What is the value of -10 + 1 + 7 + 2 + -4?
-4
1 + (0 - (-3 + (0 - -3)))
1
-2 - (5 + -8 + -4)
5
Evaluate -1 + (-3 - 7) - -5 - -5.
-1
Evaluate -2 + 0 + (-5 - 0 - -2).
-5
20 - 16 - (-3 + 2)
5
Evaluate 8 + (-7 - -11 - 8) + 5.
9
Calculate 4 - (4 - (1 - 2)).
-1
What is the value of 0 - ((5 - -6) + -7) - 1?
-5
(-3 - -6) + -1 + -2
0
What is -2 + (0 - 2) + 3?
-1
Evaluate (4 - 6) + 7 + -10.
-5
Evaluate -13 + (5 - 9) + 11 - -5.
-1
What is (0 - 4) + (24 - 29) - -5?
-4
Calculate 4 + -6 - (7 - 12).
3
-11 + (2 - -11) - (1 - -1)
0
What is the value of -2 + (4 - 7) + (-1 - -3)?
-3
What is (-4 - 4 - -2) + (-2 - -6)?
-2
What is the value of (1 - (-12 - -12)) + -11?
-10
What is (0 - 4 - (1 - 6)) + -5?
-4
-4 + -3 + 5 + (-4 - -4)
-2
(-5 - -15) + -2 + -14
-6
Calculate -84 + 92 - (-2 + 10 + -2).
2
Evaluate -8 + 21 - (-1 + (5 - -2)).
7
8 + -8 + (-1 + 7 - 0)
6
What is 5 - -1 - (-17 + 12)?
11
What is the value of 2 - -1 - (7 + 1)?
-5
Evaluate 5 - (-2 + (-2 - -4)).
5
1 - -4 - (1 - -3) - 3
-2
1 + -1 + (-16 - -12)
-4
Evaluate (5 - (4 - -5)) + 1 - 6.
-9
Evaluate -7 + 3 + 0 + 0 + -4.
-8
Calculate -1 + 5 + (8 - 12) + -1.
-1
(-1 - -1 - 2) + 0 + -1
-3
Evaluate (10 - 2) + -3 + (2 - 2).
5
Calculate 11 - 4 - (-1 - -5).
3
What is 2 + 4 + (2 - -1) + -6?
3
Calculate 1 + (-2 - (-10 - (-8 - -3))).
4
Calculate 4 + -11 + 0 + 5.
-2
What is 2 + (-5 - (1 + -4))?
0
Evaluate 5 + 4 + (3 + -1 - 9).
2
What is 1 + 4 + -3 + -6?
-4
(1 - 4) + 4 + -2 + 5
4
-3 + 1 - (8 + -6)
-4
What is 0 + (2 - -1) + (-22 - -17)?
-2
187 + -193 - (2 + 1)
-9
-98 + 104 - (-4 + 2)
8
Calculate -3 - (-6 - -2) - 1.
0
What is the value of 0 + (5 - (2 - (-6 - 0)))?
-3
Evaluate -3 - (-1 - -3 - (10 - 8)).
-3
What is the value of -4 + -2 - (10 + -20)?
4
What is 0 + -1 + (14 - (-5 + 17))?
1
Evaluate -2 - (-4 + 5 - 3).
0
Evaluate 10 - 7 - (5 - (-2 + 5)).
1
What is the value of -7 + 3 + 0 + 1?
-3
Evaluate -17 - ((-2 - 1) + -5).
-9
Calculate (-3 + 2 - 3) + -3 + 6.
-1
Calculate (-2 - 3) + 1 + -6 + 7.
-3
Calculate 2 + -6 + 7 - 8.
-5
What is (-6 - -4) + 5 + -4?
-1
(3 - -1) + -2 + -6
-4
2 + (-3 - (1 - (0 + 3)))
1
What is 0 + -4 + 4 + 2?
2
What is -8 + 11 + -12 - -5?
-4
(0 - -3) + (-7 - -8) + -1
3
What is the value of -14 + 10 - (0 + 1)?
-5
Evaluate 10 + 27 + -13 + -23.
1
What is the value of 0 + (-1 - 6) - (2 - 4)?
-5
6 - (-7 - (-11 + -11))
-9
What is -10 - (3 - 7 - 6)?
0
Evaluate 1 + -2 - ((4 - 2) + 0).
-3
Evaluate 7 + 6 - 11 - (3 - -1).
-2
Evaluate -8 + (-8 - -8 - -8).
0
What is the value of 6 - 9 - (2 + 0)?
-5
What is the value of -1 - (-6 - (-5 + 0))?
0
Calculate (-8 - (-20 + 5)) + -13.
-6
Evaluate 7 + ((3 - -2) + -3 - 4).
5
Evaluate (0 - -3) + (-18 - -14).
-1
-9 - -1 - (137 - 143)
-2
What is the value of (-11 - -19) + -15 - 0?
-7
What is 0 + (-3 + 0 - -6)?
3
What is the value of 0 + 5 - (84 - 84)?
5
What is 2 - 13 - -4 - -4?
-3
What is (0 - -9) + -24 + 9?
-6
4 - (5 - ((4 - 0) + -2))
1
What is 0 - 2 - (7 - -1 - 10)?
0
6 + -5 + 1 + 2
4
-2 - (-7 + -1 + -2 + 7)
1
Evaluate (-6 - (-3 + 0)) + 9.
6
Evaluate -2 + -6 + 0 + 8.
0
Calculate -2 + -6 - (15 + -19).
-4
What is the value of (12 - 5) + (-2 - 1)?
4
10 + (-1 - (9 + -5))
5
Evaluate 8 + -9 - -7 - 10.
-4
What is 3 + (-1 - 1) + -1 - -2?
2
Evaluate -4 + 5 + -3 - -5 - 3.
0
Evaluate -34 - -37 - (-1 - -14).
-10
Evaluate (2 - (8 + 2 + -2)) + 9.
3
Calculate 7 - 1 - 4 - 3.
-1
3 + -1 - 2 - (1 - -4)
-5
What is 4 + (5 - 7 - 1) - 1?
0
Calculate 3 + -3 + (-1 - 1) + -2.
-4
What is (-3 + 3 - -3) + 1 - 2?
2
Evaluate 0 + (0 + -4 - 0).
-4
-3 + (0 - -1) - 4
-6
What is the value of -5 + -1 - (-5 + 7 + -9)?
1
Evaluate -6 - (-3 + 0 + (-2 - -1)).
-2
What is the value of -3 + (-2 + 1 - -2) - -3?
1
Evaluate (1 - -7) + (-86 - -82).
4
What is 18 + -17 - (-1 - 3)?
5
-3 - 0 - (-1 - -3)
-5
Evaluate 3 - (0 - 8) - 9.
2
What is -1 - 0 - (10 - 15 - -5)?
-1
Evaluate -12 - (-6 + -6 - 9).
9
What is -4 + (2 + 1 - -7) + -2?
4
Evaluate 0 + (7 - 4) + -4.
-1
What is the value of 6 + 3 + -3 - (-9 - -21)?
-6
Evaluate 7 + -14 - -4 - (5 - 1).
-7
What is -3 + 2 - 1 - (-1 + 4)?
-5
Evaluate 1 - 1 - (2 - 3).
1
(26 - 24) + (-2 - -1)
1
What is -2 + (-5 - (0 - 5))?
-2
Calculate (-3 - 2) + 3 + 0 + -1.
-3
Calculate 0 + (2 - (2 + 0)).
0
What is 20 + -17 + -6 + 1?
-2
Calculate 0 + 1 + 0 + 35 + -41.
-5
What is -3 - -1 - (2 + 0 + 0)?
-4
Calculate -6 - -1 - (-42 - -32).
5
(-3 - -2 - 2) + 2
-1
What is the value of -1 - (-1 - ((1 - 1) + 0))?
0
-1 + -1 + 1 + -3 + 0
-4
What is the value of (-8 - -20 - 6) + -7?
-1
Calculate -1 + (3 + 1 - 1) - 7.
-5
What is (-6 + 2 - (-4 + 2)) + 7?
5
Calculate 3 + (2 - 7) - (0 - -3).
-5
What is the value of 17 - 14 - (4 + -4)?
3
Calculate 2 + -2 + (1 - -2).
3
What is -6 + (3 + -3 - -1 - -2)?
-3
Calculate -9 + 6 - (2 - 8).
3
What is the value of -2 - (2 - (-3 + 6 + -3))?
-4
Calculate 27 + -20 - (4 - -3).
0
Evaluate 1 - 1 - (1 + (-7 - -6)).
0
What is 5 + (1 - (3 - 1))?
4
Calculate -2 + 4 - (-2 + 1).
3
What is the value of -13 + 15 - (3 + 3 + 2)?
-6
What is the value of 9 + 3 + -8 + 1?
5
Evaluate -4 - (0 + 5 + (2 - 6)).
-5
-3 + (-2 - -7 - 1)
1
What is the value of 3 + (-4 - (-6 - 4)) - 4?
5
(-5 - (3 + -14)) + -3
3
What is -18 - (12 + (2 - 24))?
-8
What is the value of -6 + -3 + 5 + 1 - 1?
-4
What is 7 - (6 - -6) - -1?
-4
-4 - (0 + -4) - 5
-5
Evaluate -6 - ((-2 - (-6 + 6)) + -1).
-3
What is (1 - 0 - -2) + (12 - 20)?
-5
What is the value of 1 + 0 + -2 - -4 - 2?
1
Calculate (0 - 3) + 5 + 0 + -3.
-1
-5 - (-3 - 1) - -5 - -1
5
Evaluate -4 + (4 - (2 - 1)) + -1.
-2
Calculate 22 + -19 + (-1 - 0).
2
What is 2 + -2 - (30 - 35)?
5
What is -3 + (-4 - -5) + 0?
-2
Evaluate 0 - (8 - 3) - -2.
-3
Evaluate (-1 - -4) + 4 - (3 - 3).
7
What is -5 - (-5 + 7 - (-2 + 6))?
-3
Evaluate 0 + (-2 - -3) - 1.
0
Calculate -1 + 2 + -2 - (7 + -14).
6
What is (-3 - (3 - 1)) + 3?
-2
What is the value of (-7 - 0) + (-32 - -38)?
-1
What is 5 + -1 + 0 - (4 + -2)?
2
What is 0 - (12 + -7 + 0)?
-5
What is the value of -6 + (-2 - (-1 - 3)) + 2?
-2
3 - (3 - 0) - (-7 + 8)
-1
Evaluate -1 - (-3 + -3 + 9).
-4
(-50 - -51) + 1 + (1 - 5)
-2
Calculate 6 + (-9 - -6) + -4.
-1
What is the value of 7 + -4 + (-8 - 1) + 1?
-5
Evaluate -4 - (5 + -15) - 1.
5
Calculate -3 + (6 - 11) + (-4 - -15).
3
What is -10 - (-21 + 4 - -8)?
-1
What is 3 - (1 + 2 + -5 + 1)?
4
Calcu